{"id":1215,"date":"2026-04-21T21:35:07","date_gmt":"2026-04-22T02:35:07","guid":{"rendered":"https:\/\/epmapaped.gob.ec\/?page_id=1215"},"modified":"2026-05-11T16:13:13","modified_gmt":"2026-05-11T21:13:13","slug":"cp-ae-002-2026","status":"publish","type":"page","link":"https:\/\/epmapaped.gob.ec\/index.php\/transparencia\/alianzas-estrategicas\/cp-ae-002-2026\/","title":{"rendered":"CP-AE-002-2026"},"content":{"rendered":"\n<h2 class=\"wp-block-heading has-text-align-center has-large-font-size\">Concurso P\u00fablico AE-002-2026-EPMAPAPED<\/h2>\n\n\n\n<p class=\"has-text-align-center has-ast-global-color-1-color has-text-color has-link-color has-medium-font-size wp-elements-c217877fa661da83402e8785e7740462\">PROYECTO BAJO FORMATO DE \u201cEPC\u201d, \u201cPARA LA REVISI\u00d3N DEL DISE\u00d1O, SUMINISTRO, CONSTRUCCI\u00d3N, REHABILITACI\u00d3N, INSTALACI\u00d3N Y PUESTA EN MARCHA DE LAS FASES 1, 2 y 3 DEL NUEVO SISTEMA DE ALCANTARILLADO SANITARIO Y PLUVIAL DE LA CIUDAD DE PEDERNALES, CANT\u00d3N PEDERNALES, PROVINCIA DE MANAB\u00cd\u201d.<\/p>\n\n\n\n<hr class=\"wp-block-separator has-alpha-channel-opacity\"\/>\n\n\n\n<p class=\"has-text-align-center has-ast-global-color-1-color has-text-color has-link-color has-medium-font-size wp-elements-9361c7e79053e5f2d14ebeb8b60c61dd\">CONTACTO : <strong>alianza.estrategica@epmapaped.gob.ec<\/strong><\/p>\n\n\n\n<hr class=\"wp-block-separator has-alpha-channel-opacity\"\/>\n\n\n\n<h2 class=\"wp-block-heading has-text-align-center\">ALIANZA<\/h2>\n\n\n\n<ul class=\"wp-block-list\">\n<li class=\"has-medium-font-size\"><a href=\"https:\/\/epmapaped.gob.ec\/wp-content\/uploads\/2026\/05\/1.-Informe-sobre-el-Analisis-Tecnico-Comercial-Legal-y-Financiero-del-Proyecto-Fase-1-2-3-signed-signed-signed.pdf\" target=\"_blank\" rel=\"noreferrer noopener\">INFORME SOBRE EL ANALISIS TECNICO, COMERCIAL, LEGAL Y FINANCIERO<\/a><\/li>\n\n\n\n<li class=\"has-medium-font-size\"><a href=\"https:\/\/epmapaped.gob.ec\/wp-content\/uploads\/2026\/04\/2.-ACTA-N\u00b0-005-EPMAPAPED-MABM-2025-02-DE-DICIEMBRE-DEL-2025.pdf\" target=\"_blank\" rel=\"noreferrer noopener\">ACTA N\u00b0 005-EPMAPAPED<\/a><\/li>\n\n\n\n<li class=\"has-medium-font-size\"><a href=\"https:\/\/epmapaped.gob.ec\/wp-content\/uploads\/2026\/04\/3.-ACTA-N\u00b0-006-EPMAPAPED-MABM-2025-08-DE-DICIEMBRE-DEL-2025.pdf\" target=\"_blank\" rel=\"noreferrer noopener\">ACTA N\u00b0 006-EPMAPAPED<\/a><\/li>\n\n\n\n<li class=\"has-medium-font-size\"><a href=\"https:\/\/epmapaped.gob.ec\/wp-content\/uploads\/2026\/04\/4.-ACTA-N\u00b0-007-EPMAPAPED-MABM-2025-11-DE-DICIEMBRE-DEL-2025.pdf\" target=\"_blank\" rel=\"noreferrer noopener\">ACTA N\u00b0 007-EPMAPAPED<\/a><\/li>\n\n\n\n<li class=\"has-medium-font-size\"><a href=\"https:\/\/epmapaped.gob.ec\/wp-content\/uploads\/2026\/05\/5.-05-RESOLUCION-alizanza-estrategica-signed-2.pdf\" target=\"_blank\" rel=\"noreferrer noopener\">RESOLUCION ALIANZA ESTRATEGICA<\/a><\/li>\n\n\n\n<li class=\"has-medium-font-size\"><a href=\"https:\/\/epmapaped.gob.ec\/wp-content\/uploads\/2026\/04\/6.-MEMORANDUM-N\u00b0-034-CDPA-GG-EPMAPAPED-2026-Disposicion-para-la-aplicacion-de-la-Resolucion-No.-005-CDPA-GG-EPMAPAPED-2026-1.pdf\" target=\"_blank\" rel=\"noreferrer noopener\">MEMORANDUM N\u00b0 -034-CDPA-GG-EPMAPAPED-2026<\/a><\/li>\n\n\n\n<li class=\"has-medium-font-size\"><a href=\"https:\/\/epmapaped.gob.ec\/wp-content\/uploads\/2026\/04\/7.-Memorandum-N.o-018-DAOQ-DF-EPMAPAPED-2026-certificacion-de-existencia-de-partidas.pdf\" target=\"_blank\" rel=\"noreferrer noopener\">MEMORANDUM N.\u00ba 018-DAOQ-DF-EPMAPAPED-2026<\/a><\/li>\n<\/ul>\n\n\n\n<hr class=\"wp-block-separator has-alpha-channel-opacity\"\/>\n\n\n\n<h2 class=\"wp-block-heading alignwide has-text-align-center\">CRONOGRAMA<\/h2>\n\n\n\n<figure class=\"wp-block-image aligncenter size-full\"><img loading=\"lazy\" decoding=\"async\" width=\"501\" height=\"245\" src=\"https:\/\/epmapaped.gob.ec\/wp-content\/uploads\/2026\/04\/CRONOGRAMA-1.jpeg\" alt=\"\" class=\"wp-image-1241\" srcset=\"https:\/\/epmapaped.gob.ec\/wp-content\/uploads\/2026\/04\/CRONOGRAMA-1.jpeg 501w, https:\/\/epmapaped.gob.ec\/wp-content\/uploads\/2026\/04\/CRONOGRAMA-1-300x147.jpeg 300w\" sizes=\"auto, (max-width: 501px) 100vw, 501px\" \/><\/figure>\n\n\n\n<hr class=\"wp-block-separator has-alpha-channel-opacity\"\/>\n\n\n\n<h2 class=\"wp-block-heading has-text-align-center\">ESPECIFICACIONES<\/h2>\n\n\n\n<ul class=\"wp-block-list\">\n<li class=\"has-ast-global-color-1-color has-text-color has-link-color has-medium-font-size wp-elements-c3cd8af55e304912f159bf259663007f\"><a href=\"https:\/\/epmapaped.gob.ec\/wp-content\/uploads\/2026\/05\/6.1-PLIEGO-DE-LICITACION-PEDERNALES-21-04-2026-002-AE-1-signed.pdf\" target=\"_blank\" rel=\"noreferrer noopener\">PLIEGOS<\/a><\/li>\n\n\n\n<li class=\"has-ast-global-color-1-color has-text-color has-link-color has-medium-font-size wp-elements-2d19e4643636823a9d2cf44b4beeda41\"><a href=\"https:\/\/epmapaped.gob.ec\/wp-content\/uploads\/2026\/05\/7.1-TDR-ALIANZA-ESTRATEGICA-PEDERNALES-21-04-2026-signed-signed.pdf\" target=\"_blank\" rel=\"noreferrer noopener\">TERMINOS DE REFERENCIA<\/a><\/li>\n\n\n\n<li class=\"has-ast-global-color-1-color has-text-color has-link-color has-medium-font-size wp-elements-db8041b4510bf276614fa9a7342fb148\"><a href=\"https:\/\/epmapaped.gob.ec\/wp-content\/uploads\/2026\/04\/7.2-ANEXOS-DE-TDR-ALIANZA-epmapaped.pdf\" target=\"_blank\" rel=\"noreferrer noopener\">ANEXOS TERMINOS DE REFERENCIA<\/a><\/li>\n<\/ul>\n\n\n\n<h2 class=\"wp-block-heading has-text-align-center has-large-font-size\">FASE PREPARATORIA DE OFERTA<\/h2>\n\n\n\n<ul class=\"wp-block-list\">\n<li class=\"has-ast-global-color-1-color has-text-color has-link-color has-medium-font-size wp-elements-eaa5e7f3219f0967ee89065461d22ec5\"><a href=\"https:\/\/epmapaped.gob.ec\/wp-content\/uploads\/2026\/05\/8.-Acta-de-Audiencia-de-Preguntas-signed.pdf\" target=\"_blank\" rel=\"noreferrer noopener\">ACTA DE AUDIENCIA DE PREGUNTAS<\/a><\/li>\n\n\n\n<li class=\"has-ast-global-color-1-color has-text-color has-link-color has-medium-font-size wp-elements-379cadddd5641c4348401d8f956c9b45\"><a href=\"https:\/\/epmapaped.gob.ec\/wp-content\/uploads\/2026\/05\/9.-CARTA-INTERES-ICASUR-A-PEDERNALES-24-04-26.pdf\" target=\"_blank\" rel=\"noreferrer noopener\">CARTA DE INTERES ICASUR<\/a><\/li>\n<\/ul>\n\n\n\n<h2 class=\"wp-block-heading has-text-align-center\"><strong>CALIFICACION DE OFERENTES<\/strong><\/h2>\n\n\n\n<ul class=\"wp-block-list\">\n<li class=\"has-ast-global-color-1-color has-text-color has-link-color has-medium-font-size wp-elements-5ec864ce3b27f27346a871743d1df206\"><a href=\"https:\/\/epmapaped.gob.ec\/wp-content\/uploads\/2026\/05\/10.-MEMORANDUM-N\u00b0-318-CDPA-GG-EPMAPAPED-2026-Conformacion-de-la-Comision-Tecnica-de-Evaluacion-\u2013-signed.pdf\" target=\"_blank\" rel=\"noreferrer noopener\">CONFORMACI\u00d3N DE LA COMISI\u00d3N T\u00c9CNICA DE EVALUACI\u00d3N<\/a><\/li>\n\n\n\n<li class=\"has-ast-global-color-1-color has-text-color has-link-color has-medium-font-size wp-elements-a68a1decfb0872342bced37bfbd889b6\"><a href=\"https:\/\/epmapaped.gob.ec\/wp-content\/uploads\/2026\/05\/11.-ACTA_DE_REVISION_DE_REQUISITOS_DE_ELEGIBILIDAD_DE_OFERTAsigned_signed-signed-signed.pdf\" target=\"_blank\" rel=\"noreferrer noopener\">ACTA DE REVISI\u00d3N DE REQUISITOS DE ELEGIBILIDAD DE OFERTA<\/a><\/li>\n\n\n\n<li class=\"has-ast-global-color-1-color has-text-color has-link-color has-medium-font-size wp-elements-76a2b158c788921e4c4330667f970f61\">INFORME DE CALIFICACION<\/li>\n\n\n\n<li class=\"has-ast-global-color-1-color has-text-color has-link-color has-medium-font-size wp-elements-9b1c78d95ab0d650f34faa4060684975\">PROPUESTA SISTEMA DE ALCANTARILLADO CANTON PEDERNALES<\/li>\n<\/ul>\n\n\n\n<p><\/p>\n","protected":false},"excerpt":{"rendered":"<p>Concurso P\u00fablico AE-002-2026-EPMAPAPED PROYECTO BAJO FORMATO DE \u201cEPC\u201d, \u201cPARA LA REVISI\u00d3N DEL DISE\u00d1O, SUMINISTRO, CONSTRUCCI\u00d3N, REHABILITACI\u00d3N, INSTALACI\u00d3N Y PUESTA EN [&hellip;]<\/p>\n","protected":false},"author":1,"featured_media":0,"parent":1050,"menu_order":0,"comment_status":"open","ping_status":"closed","template":"","meta":{"site-sidebar-layout":"default","site-content-layout":"","ast-site-content-layout":"default","site-content-style":"default","site-sidebar-style":"default","ast-global-header-display":"","ast-banner-title-visibility":"","ast-main-header-display":"","ast-hfb-above-header-display":"","ast-hfb-below-header-display":"","ast-hfb-mobile-header-display":"","site-post-title":"disabled","ast-breadcrumbs-content":"","ast-featured-img":"","footer-sml-layout":"","ast-disable-related-posts":"","theme-transparent-header-meta":"","adv-header-id-meta":"","stick-header-meta":"","header-above-stick-meta":"","header-main-stick-meta":"","header-below-stick-meta":"","astra-migrate-meta-layouts":"default","ast-page-background-enabled":"default","ast-page-background-meta":{"desktop":{"background-color":"var(--ast-global-color-5)","background-image":"","background-repeat":"repeat","background-position":"center center","background-size":"auto","background-attachment":"scroll","background-type":"","background-media":"","overlay-type":"","overlay-color":"","overlay-opacity":"","overlay-gradient":""},"tablet":{"background-color":"","background-image":"","background-repeat":"repeat","background-position":"center center","background-size":"auto","background-attachment":"scroll","background-type":"","background-media":"","overlay-type":"","overlay-color":"","overlay-opacity":"","overlay-gradient":""},"mobile":{"background-color":"","background-image":"","background-repeat":"repeat","background-position":"center center","background-size":"auto","background-attachment":"scroll","background-type":"","background-media":"","overlay-type":"","overlay-color":"","overlay-opacity":"","overlay-gradient":""}},"ast-content-background-meta":{"desktop":{"background-color":"var(--ast-global-color-4)","background-image":"","background-repeat":"repeat","background-position":"center center","background-size":"auto","background-attachment":"scroll","background-type":"","background-media":"","overlay-type":"","overlay-color":"","overlay-opacity":"","overlay-gradient":""},"tablet":{"background-color":"var(--ast-global-color-4)","background-image":"","background-repeat":"repeat","background-position":"center center","background-size":"auto","background-attachment":"scroll","background-type":"","background-media":"","overlay-type":"","overlay-color":"","overlay-opacity":"","overlay-gradient":""},"mobile":{"background-color":"var(--ast-global-color-4)","background-image":"","background-repeat":"repeat","background-position":"center center","background-size":"auto","background-attachment":"scroll","background-type":"","background-media":"","overlay-type":"","overlay-color":"","overlay-opacity":"","overlay-gradient":""}},"_joinchat":[],"footnotes":""},"class_list":["post-1215","page","type-page","status-publish","hentry"],"_links":{"self":[{"href":"https:\/\/epmapaped.gob.ec\/index.php\/wp-json\/wp\/v2\/pages\/1215","targetHints":{"allow":["GET"]}}],"collection":[{"href":"https:\/\/epmapaped.gob.ec\/index.php\/wp-json\/wp\/v2\/pages"}],"about":[{"href":"https:\/\/epmapaped.gob.ec\/index.php\/wp-json\/wp\/v2\/types\/page"}],"author":[{"embeddable":true,"href":"https:\/\/epmapaped.gob.ec\/index.php\/wp-json\/wp\/v2\/users\/1"}],"replies":[{"embeddable":true,"href":"https:\/\/epmapaped.gob.ec\/index.php\/wp-json\/wp\/v2\/comments?post=1215"}],"version-history":[{"count":26,"href":"https:\/\/epmapaped.gob.ec\/index.php\/wp-json\/wp\/v2\/pages\/1215\/revisions"}],"predecessor-version":[{"id":1352,"href":"https:\/\/epmapaped.gob.ec\/index.php\/wp-json\/wp\/v2\/pages\/1215\/revisions\/1352"}],"up":[{"embeddable":true,"href":"https:\/\/epmapaped.gob.ec\/index.php\/wp-json\/wp\/v2\/pages\/1050"}],"wp:attachment":[{"href":"https:\/\/epmapaped.gob.ec\/index.php\/wp-json\/wp\/v2\/media?parent=1215"}],"curies":[{"name":"wp","href":"https:\/\/api.w.org\/{rel}","templated":true}]}}