{"id":12,"date":"2025-08-27T11:40:20","date_gmt":"2025-08-27T16:40:20","guid":{"rendered":"http:\/\/localhost\/epmapaped\/?page_id=12"},"modified":"2025-10-13T20:09:16","modified_gmt":"2025-10-14T01:09:16","slug":"institucion","status":"publish","type":"page","link":"https:\/\/epmapaped.gob.ec\/index.php\/institucion\/","title":{"rendered":"LA INSTITUCION"},"content":{"rendered":"<h2 class=\"has-text-align-center has-link-color wp-elements-306286ba9f25b9824e88b41a28c289d2 wp-block-post-title has-text-color has-ast-global-color-1-color\">LA INSTITUCION<\/h2>\n\n\n<p class=\"has-text-align-center has-ast-global-color-1-color has-text-color has-link-color has-medium-font-size wp-elements-4d06ddde79dcf9c8bbf48d00069f8b69\"><strong>Empresa P\u00fablica Municipal de Agua Potable y Alcantarillado del Cant\u00f3n Pedernales<\/strong><\/p>\n\n\n\n<div class=\"wp-block-columns is-layout-flex wp-container-core-columns-is-layout-28f84493 wp-block-columns-is-layout-flex\">\n<div class=\"wp-block-column is-layout-flow wp-block-column-is-layout-flow\">\n<figure class=\"wp-block-image size-large\"><img loading=\"lazy\" decoding=\"async\" width=\"1024\" height=\"683\" src=\"https:\/\/epmapaped.gob.ec\/wp-content\/uploads\/2025\/10\/vision-mision-y-valores-2-1024x683.jpeg\" alt=\"\" class=\"wp-image-456\" srcset=\"https:\/\/epmapaped.gob.ec\/wp-content\/uploads\/2025\/10\/vision-mision-y-valores-2-1024x683.jpeg 1024w, https:\/\/epmapaped.gob.ec\/wp-content\/uploads\/2025\/10\/vision-mision-y-valores-2-300x200.jpeg 300w, https:\/\/epmapaped.gob.ec\/wp-content\/uploads\/2025\/10\/vision-mision-y-valores-2-768x512.jpeg 768w, https:\/\/epmapaped.gob.ec\/wp-content\/uploads\/2025\/10\/vision-mision-y-valores-2.jpeg 1254w\" sizes=\"auto, (max-width: 1024px) 100vw, 1024px\" \/><\/figure>\n<\/div>\n\n\n\n<div class=\"wp-block-column is-layout-flow wp-block-column-is-layout-flow\">\n<p class=\"has-text-align-center has-ast-global-color-1-color has-text-color has-link-color has-large-font-size wp-elements-6dc603d3d0063b1b08467e94629d2c70\"><strong>MISION<\/strong><\/p>\n\n\n\n<p class=\"has-text-align-center has-ast-global-color-1-color has-text-color has-link-color has-small-font-size wp-elements-a929914f16829f2014725171648ee3cc\"><strong>Somos una Empresa P\u00fablica s\u00f3lida, eficiente e innovadora, enfocados en el mejoramiento cont\u00ednuo de la misma. Nuestra misi\u00f3n es proveer la salud y el bienestar de nuestros usuarios. Nos comprometemos en operar y mantener infraestructura de Agua de Alta Calidad, as\u00ed como a fomentar la conservaci\u00f3n y el uso eficiente del recurso h\u00eddrico. Buscamos ser l\u00edderes en la gesti\u00f3n sostenible del agua, trabajando en colaboraci\u00f3n con nuestros usuarios y otras partes interesadas para asegurar un acceso equitativo al Agua Potable y Alcantarillado Sanitario y contribuir al desarrollo socioecon\u00f3mico de nuestro Cant\u00f3n Pedernales. Garantizando la disponibilidad de los servicios de Agua Potable y Saneamiento a trav\u00e9s de la gesti\u00f3n sostenible.<\/strong><\/p>\n\n\n\n<p class=\"has-text-align-center has-ast-global-color-1-color has-text-color has-link-color has-large-font-size wp-elements-4993df3c9faf9c6f2027efbbcd798b41\"><strong>VISION<\/strong><\/p>\n\n\n\n<p class=\"has-text-align-center has-ast-global-color-1-color has-text-color has-link-color has-small-font-size wp-elements-ba4b39e76412edb5c9d4bd759c5fc64a\"><strong>Ser la empresa l\u00edder en la gesti\u00f3n integral del agua potable, reconocida por su excelencia en la calidad del servicio, la sostenibilidad ambiental y el compromiso con la comunidad. Buscamos ser un referente en la implementaci\u00f3n de tecnolog\u00eda innovadoras, promoviendo el uso eficiente del agua y garantizando un acceso equitativo para todos. Nuestro enfoque en la participaci\u00f3n ciudadana y la educaci\u00f3n continua nos permite ser un agente de cambio en la gesti\u00f3n responsable del recurso h\u00eddrico, contribuyendo al desarrollo sostenible y al bienestar de nuestra\u00a0sociedad.<\/strong><\/p>\n<\/div>\n<\/div>\n\n\n\n<p class=\"has-text-align-center has-ast-global-color-1-color has-text-color has-link-color has-large-font-size wp-elements-aed2be5fa84ddf52b18ddcdeb0ffcf72\"><strong>OBJETIVOS Y PRINCIPIOS DE LA EPMAPA-PED<\/strong><\/p>\n\n\n\n<div class=\"wp-block-columns is-layout-flex wp-container-core-columns-is-layout-28f84493 wp-block-columns-is-layout-flex\">\n<div class=\"wp-block-column is-layout-flow wp-block-column-is-layout-flow\">\n<figure class=\"wp-block-image size-full\"><img loading=\"lazy\" decoding=\"async\" width=\"950\" height=\"534\" src=\"https:\/\/epmapaped.gob.ec\/wp-content\/uploads\/2025\/10\/objetivos-principios.jpg\" alt=\"\" class=\"wp-image-462\" srcset=\"https:\/\/epmapaped.gob.ec\/wp-content\/uploads\/2025\/10\/objetivos-principios.jpg 950w, https:\/\/epmapaped.gob.ec\/wp-content\/uploads\/2025\/10\/objetivos-principios-300x169.jpg 300w, https:\/\/epmapaped.gob.ec\/wp-content\/uploads\/2025\/10\/objetivos-principios-768x432.jpg 768w\" sizes=\"auto, (max-width: 950px) 100vw, 950px\" \/><\/figure>\n<\/div>\n\n\n\n<div class=\"wp-block-column is-layout-flow wp-block-column-is-layout-flow\">\n<p class=\"has-ast-global-color-1-color has-text-color has-link-color has-medium-font-size wp-elements-0303965efbf270777f8ae3d1bc9772bb\"><strong>Nuestros objetivos y principios se centran en el desarrollo humano, el buen vivir, el desarrollo sustentable y la eficiencia en la dotaci\u00f3n de Agua Potable apta para comsumo humano.\u00a0Nos basamos en principios como la contribuci\u00f3n al desarrollo del pa\u00eds, la actuaci\u00f3n con eficiencia y control social, y la provisi\u00f3n de un servicio de calidad con equidad.\u00a0Nuestro objetivo incluye la autosostenibilidad econ\u00f3mica y el acceso seguro a un servicio b\u00e1sico p\u00fablico.\u00a0<\/strong><\/p>\n<\/div>\n<\/div>\n","protected":false},"excerpt":{"rendered":"<p>Empresa P\u00fablica Municipal de Agua Potable y Alcantarillado del Cant\u00f3n Pedernales MISION Somos una Empresa P\u00fablica s\u00f3lida, eficiente e innovadora, [&hellip;]<\/p>\n","protected":false},"author":1,"featured_media":0,"parent":0,"menu_order":0,"comment_status":"closed","ping_status":"closed","template":"","meta":{"site-sidebar-layout":"default","site-content-layout":"","ast-site-content-layout":"default","site-content-style":"default","site-sidebar-style":"default","ast-global-header-display":"","ast-banner-title-visibility":"","ast-main-header-display":"","ast-hfb-above-header-display":"","ast-hfb-below-header-display":"","ast-hfb-mobile-header-display":"","site-post-title":"disabled","ast-breadcrumbs-content":"","ast-featured-img":"","footer-sml-layout":"","ast-disable-related-posts":"","theme-transparent-header-meta":"","adv-header-id-meta":"","stick-header-meta":"","header-above-stick-meta":"","header-main-stick-meta":"","header-below-stick-meta":"","astra-migrate-meta-layouts":"default","ast-page-background-enabled":"default","ast-page-background-meta":{"desktop":{"background-color":"var(--ast-global-color-5)","background-image":"","background-repeat":"repeat","background-position":"center center","background-size":"auto","background-attachment":"scroll","background-type":"","background-media":"","overlay-type":"","overlay-color":"","overlay-opacity":"","overlay-gradient":""},"tablet":{"background-color":"","background-image":"","background-repeat":"repeat","background-position":"center center","background-size":"auto","background-attachment":"scroll","background-type":"","background-media":"","overlay-type":"","overlay-color":"","overlay-opacity":"","overlay-gradient":""},"mobile":{"background-color":"","background-image":"","background-repeat":"repeat","background-position":"center center","background-size":"auto","background-attachment":"scroll","background-type":"","background-media":"","overlay-type":"","overlay-color":"","overlay-opacity":"","overlay-gradient":""}},"ast-content-background-meta":{"desktop":{"background-color":"var(--ast-global-color-4)","background-image":"","background-repeat":"repeat","background-position":"center center","background-size":"auto","background-attachment":"scroll","background-type":"","background-media":"","overlay-type":"","overlay-color":"","overlay-opacity":"","overlay-gradient":""},"tablet":{"background-color":"var(--ast-global-color-4)","background-image":"","background-repeat":"repeat","background-position":"center center","background-size":"auto","background-attachment":"scroll","background-type":"","background-media":"","overlay-type":"","overlay-color":"","overlay-opacity":"","overlay-gradient":""},"mobile":{"background-color":"var(--ast-global-color-4)","background-image":"","background-repeat":"repeat","background-position":"center center","background-size":"auto","background-attachment":"scroll","background-type":"","background-media":"","overlay-type":"","overlay-color":"","overlay-opacity":"","overlay-gradient":""}},"_joinchat":[],"footnotes":""},"class_list":["post-12","page","type-page","status-publish","hentry"],"_links":{"self":[{"href":"https:\/\/epmapaped.gob.ec\/index.php\/wp-json\/wp\/v2\/pages\/12","targetHints":{"allow":["GET"]}}],"collection":[{"href":"https:\/\/epmapaped.gob.ec\/index.php\/wp-json\/wp\/v2\/pages"}],"about":[{"href":"https:\/\/epmapaped.gob.ec\/index.php\/wp-json\/wp\/v2\/types\/page"}],"author":[{"embeddable":true,"href":"https:\/\/epmapaped.gob.ec\/index.php\/wp-json\/wp\/v2\/users\/1"}],"replies":[{"embeddable":true,"href":"https:\/\/epmapaped.gob.ec\/index.php\/wp-json\/wp\/v2\/comments?post=12"}],"version-history":[{"count":5,"href":"https:\/\/epmapaped.gob.ec\/index.php\/wp-json\/wp\/v2\/pages\/12\/revisions"}],"predecessor-version":[{"id":488,"href":"https:\/\/epmapaped.gob.ec\/index.php\/wp-json\/wp\/v2\/pages\/12\/revisions\/488"}],"wp:attachment":[{"href":"https:\/\/epmapaped.gob.ec\/index.php\/wp-json\/wp\/v2\/media?parent=12"}],"curies":[{"name":"wp","href":"https:\/\/api.w.org\/{rel}","templated":true}]}}